{"id":7,"date":"2017-01-11T12:50:47","date_gmt":"2017-01-11T12:50:47","guid":{"rendered":"http:\/\/teknologileir.no\/Robotarm\/?page_id=7"},"modified":"2017-06-01T09:50:17","modified_gmt":"2017-06-01T09:50:17","slug":"hjem","status":"publish","type":"page","link":"http:\/\/teknologileir.no\/robotarm\/","title":{"rendered":"Heim"},"content":{"rendered":"<p>Dette er sida til hovudprosjektet v\u00e5r 2017 for Ola, Espen, Bengt og Sondre.<\/p>\n<p>Her kan du finne informasjon og f\u00f8lge framgangen p\u00e5 prosjektet v\u00e5rt.<\/p>\n<p>Vi skal sj\u00e5 p\u00e5 moglegheita for \u00e5 erstatte ein statisk varmeprosess med ein robotarm.<\/p>\n<p>Oppdateringar vil komme kvar fredag eller n\u00e5r viktige milep\u00e6lar er n\u00e5dd.<\/p>\n<p>&nbsp;<\/p>\n<p>Prosjektet er no avslutta, du finn sluttrapport i prosjektmappa.<\/p>\n","protected":false},"excerpt":{"rendered":"<p>Dette er sida til hovudprosjektet v\u00e5r 2017 for Ola, Espen, Bengt og Sondre. Her kan du finne informasjon og f\u00f8lge framgangen p\u00e5 prosjektet v\u00e5rt. Vi skal sj\u00e5 p\u00e5 moglegheita for \u00e5 erstatte ein statisk varmeprosess med ein robotarm. Oppdateringar vil komme kvar fredag eller n\u00e5r viktige milep\u00e6lar er n\u00e5dd. &nbsp; Prosjektet er no avslutta, du &hellip; <a href=\"http:\/\/teknologileir.no\/robotarm\/\" class=\"more-link\">Fortsett \u00e5 lese <span class=\"screen-reader-text\">Heim<\/span> <span class=\"meta-nav\">&rarr;<\/span><\/a><\/p>\n","protected":false},"author":1,"featured_media":0,"parent":0,"menu_order":0,"comment_status":"closed","ping_status":"closed","template":"","meta":{"footnotes":""},"class_list":["post-7","page","type-page","status-publish","hentry"],"_links":{"self":[{"href":"http:\/\/teknologileir.no\/robotarm\/wp-json\/wp\/v2\/pages\/7","targetHints":{"allow":["GET"]}}],"collection":[{"href":"http:\/\/teknologileir.no\/robotarm\/wp-json\/wp\/v2\/pages"}],"about":[{"href":"http:\/\/teknologileir.no\/robotarm\/wp-json\/wp\/v2\/types\/page"}],"author":[{"embeddable":true,"href":"http:\/\/teknologileir.no\/robotarm\/wp-json\/wp\/v2\/users\/1"}],"replies":[{"embeddable":true,"href":"http:\/\/teknologileir.no\/robotarm\/wp-json\/wp\/v2\/comments?post=7"}],"version-history":[{"count":7,"href":"http:\/\/teknologileir.no\/robotarm\/wp-json\/wp\/v2\/pages\/7\/revisions"}],"predecessor-version":[{"id":251,"href":"http:\/\/teknologileir.no\/robotarm\/wp-json\/wp\/v2\/pages\/7\/revisions\/251"}],"wp:attachment":[{"href":"http:\/\/teknologileir.no\/robotarm\/wp-json\/wp\/v2\/media?parent=7"}],"curies":[{"name":"wp","href":"https:\/\/api.w.org\/{rel}","templated":true}]}}